{"id":13,"date":"2015-12-16T15:20:39","date_gmt":"2015-12-16T14:20:39","guid":{"rendered":"https:\/\/choeur-a-cappella.ch\/?page_id=13"},"modified":"2025-12-17T09:31:51","modified_gmt":"2025-12-17T08:31:51","slug":"agenda","status":"publish","type":"page","link":"https:\/\/choeur-a-cappella.ch\/index.php\/agenda\/","title":{"rendered":"Agenda"},"content":{"rendered":"<p>\u00a0<\/p>\n<p style=\"text-align: center;\">\u00a0<\/p>\n<p style=\"text-align: center;\">\u00a0<\/p>\n<p>Nous participerons \u00e0 la chant\u00e9e de No\u00ebl au temple d&rsquo;Yverdon-les-Bains le mercredi 17 d\u00e9cembre \u00e0 20h00<\/p>\n<p>Nous continuerons ensuite avec un programme en l&rsquo;honneur de Mendelssohn en 2026 avec les Ps 95, 114 et 115 \u00e0 l&rsquo;occasion de deux concerts au temple d&rsquo;Yverdon, le samedi 21 et le dimanche 22 novembre.\u00a0\u00a0<\/p>\n<p style=\"text-align: center;\">\u00a0<\/p>\n\n\n\n\n\n\n\n","protected":false},"excerpt":{"rendered":"<p>\u00a0 \u00a0 \u00a0 Nous participerons \u00e0 la chant\u00e9e de No\u00ebl au temple d&rsquo;Yverdon-les-Bains le mercredi 17 d\u00e9cembre \u00e0 20h00 Nous continuerons ensuite avec un programme en l&rsquo;honneur de Mendelssohn en 2026 avec les Ps 95, 114 et 115 \u00e0 l&rsquo;occasion de deux concerts au temple d&rsquo;Yverdon, le samedi 21 et le dimanche 22 novembre.\u00a0\u00a0 \u00a0<\/p>\n","protected":false},"author":2,"featured_media":0,"parent":0,"menu_order":0,"comment_status":"closed","ping_status":"closed","template":"","meta":{"footnotes":""},"class_list":["post-13","page","type-page","status-publish","hentry"],"_links":{"self":[{"href":"https:\/\/choeur-a-cappella.ch\/index.php\/wp-json\/wp\/v2\/pages\/13","targetHints":{"allow":["GET"]}}],"collection":[{"href":"https:\/\/choeur-a-cappella.ch\/index.php\/wp-json\/wp\/v2\/pages"}],"about":[{"href":"https:\/\/choeur-a-cappella.ch\/index.php\/wp-json\/wp\/v2\/types\/page"}],"author":[{"embeddable":true,"href":"https:\/\/choeur-a-cappella.ch\/index.php\/wp-json\/wp\/v2\/users\/2"}],"replies":[{"embeddable":true,"href":"https:\/\/choeur-a-cappella.ch\/index.php\/wp-json\/wp\/v2\/comments?post=13"}],"version-history":[{"count":35,"href":"https:\/\/choeur-a-cappella.ch\/index.php\/wp-json\/wp\/v2\/pages\/13\/revisions"}],"predecessor-version":[{"id":7117,"href":"https:\/\/choeur-a-cappella.ch\/index.php\/wp-json\/wp\/v2\/pages\/13\/revisions\/7117"}],"wp:attachment":[{"href":"https:\/\/choeur-a-cappella.ch\/index.php\/wp-json\/wp\/v2\/media?parent=13"}],"curies":[{"name":"wp","href":"https:\/\/api.w.org\/{rel}","templated":true}]}}