{"id":4,"date":"2015-10-16T15:05:18","date_gmt":"2015-10-16T14:05:18","guid":{"rendered":"https:\/\/choeur-a-cappella.ch\/?page_id=4"},"modified":"2023-12-13T16:37:30","modified_gmt":"2023-12-13T15:37:30","slug":"home","status":"publish","type":"page","link":"https:\/\/choeur-a-cappella.ch\/","title":{"rendered":"Home"},"content":{"rendered":"<p style=\"text-align: justify;\">Notre ch\u0153ur, fort d&rsquo;une soixantaine de membres, est vou\u00e9 au <strong>chant classique<\/strong>. Notre r\u00e9pertoire se constitue de diff\u00e9rentes \u0153uvres allant du <strong>baroque<\/strong> au <strong>moderne<\/strong>, ainsi que d&rsquo;<strong>oratorios avec orchestre<\/strong>.<\/p>\n<p style=\"text-align: justify;\">Toujours \u00e0 la recherche de nouveaux membres motiv\u00e9s, vous pouvez nous contacter \u00e0 toute occasion par le site pour assister \u00e0 une de nos r\u00e9p\u00e9titions ou simplement pour une visite.<\/p>\n<p style=\"text-align: justify;\">Nous r\u00e9p\u00e9tons chaque mercredi soir \u00e0 19h30 au coll\u00e8ge L\u00e9on-Michaud, \u00e0 Yverdon-les-Bains, et vous y \u00eates toujours les bienvenus; de nombreux projets sont en pr\u00e9paration pour ces prochaines ann\u00e9es et nous sommes certains que vous trouverez beaucoup de plaisir \u00e0 les vivre avec nous.<\/p>\n<p>Si vous appr\u00e9ciez notre ch\u0153ur, vous pouvez nous soutenir en devenant Membre sympathisant, vous trouverez les informations <a href=\"https:\/\/choeur-a-cappella.ch\/wp-content\/uploads\/2022\/09\/membres-sympathisants-A-Cappella.docx\">ici<\/a><\/p>\n","protected":false},"excerpt":{"rendered":"<p>Notre ch\u0153ur, fort d&rsquo;une soixantaine de membres, est vou\u00e9 au chant classique. Notre r\u00e9pertoire se constitue de diff\u00e9rentes \u0153uvres allant du baroque au moderne, ainsi que d&rsquo;oratorios avec orchestre. Toujours \u00e0 la recherche de nouveaux membres motiv\u00e9s, vous pouvez nous contacter \u00e0 toute occasion par le site pour assister \u00e0 une de nos r\u00e9p\u00e9titions ou [&hellip;]<\/p>\n","protected":false},"author":2,"featured_media":6236,"parent":0,"menu_order":0,"comment_status":"closed","ping_status":"closed","template":"","meta":{"footnotes":""},"class_list":["post-4","page","type-page","status-publish","has-post-thumbnail","hentry"],"_links":{"self":[{"href":"https:\/\/choeur-a-cappella.ch\/index.php\/wp-json\/wp\/v2\/pages\/4","targetHints":{"allow":["GET"]}}],"collection":[{"href":"https:\/\/choeur-a-cappella.ch\/index.php\/wp-json\/wp\/v2\/pages"}],"about":[{"href":"https:\/\/choeur-a-cappella.ch\/index.php\/wp-json\/wp\/v2\/types\/page"}],"author":[{"embeddable":true,"href":"https:\/\/choeur-a-cappella.ch\/index.php\/wp-json\/wp\/v2\/users\/2"}],"replies":[{"embeddable":true,"href":"https:\/\/choeur-a-cappella.ch\/index.php\/wp-json\/wp\/v2\/comments?post=4"}],"version-history":[{"count":6,"href":"https:\/\/choeur-a-cappella.ch\/index.php\/wp-json\/wp\/v2\/pages\/4\/revisions"}],"predecessor-version":[{"id":6238,"href":"https:\/\/choeur-a-cappella.ch\/index.php\/wp-json\/wp\/v2\/pages\/4\/revisions\/6238"}],"wp:featuredmedia":[{"embeddable":true,"href":"https:\/\/choeur-a-cappella.ch\/index.php\/wp-json\/wp\/v2\/media\/6236"}],"wp:attachment":[{"href":"https:\/\/choeur-a-cappella.ch\/index.php\/wp-json\/wp\/v2\/media?parent=4"}],"curies":[{"name":"wp","href":"https:\/\/api.w.org\/{rel}","templated":true}]}}